 x = 32 - 47. List the prime factors of x/(-3) + -1 + -2.
2
Let b(c) = -3*c - 3. Let m be b(-2). Suppose m*i = 2*i + 6. List the prime factors of i.
2, 3
Suppose 0 = 3*t + 9, -4*h + 1 + 106 = 3*t. List the prime factors of h.
29
Suppose b - 1 = 0, -3*b - 160 = -3*s - b. Suppose 5*y - s = -4. What are the prime factors of y?
2, 5
Let j(v) = v**2 - 4*v - 16. What are the prime factors of j(9)?
29
Let i(l) = 12*l + 21. What are the prime factors of i(7)?
3, 5, 7
Suppose 5*b = 4*w - 63, 5*w + 1 - 46 = -5*b. Let f be (-4)/w + (-50)/(-6). Suppose 3*a + 31 = 5*n + 2, 3*a + f = 2*n. List the prime factors of n.
7
What are the prime factors of 6/5*750/9?
2, 5
Suppose 4*b + 70 = 5*k, -k + b + 13 = -0*b. Suppose 5*f - 4*s + 1 = -33, 66 = -5*f - 4*s. What are the prime factors of 4/20 - k/f?
2
Suppose 45 = -2*b - 3*b. Let n be 16/(-6) - 6/b. What are the prime factors of 1/((-1)/(-4)) - n?
2, 3
Let i(z) = 4*z - 3. Let d(r) = 2 - 5*r + 2 + 0*r. Let a(b) = 6*d(b) + 7*i(b). List the prime factors of a(-4).
11
Let h(m) = m**2 - 2*m - 3. Let n(i) = -i + 9. Let p be n(5). Let b be h(p). Suppose 0 = b*c - 15. What are the prime factors of c?
3
List the prime factors of (462/35)/(4/10).
3, 11
Let i be ((-5)/(-2) + 1)*-2. Let t = i - -22. What are the prime factors of t?
3, 5
Let b be (-5 - -2)*(-2)/3. Suppose 3*y - 15 = -4*t, -b*t + 2*y = -0*y - 18. What are the prime factors of t?
2, 3
Let s be -1 - ((-3 - -5) + 73). Let t = s + 132. List the prime factors of (-4)/6 - t/(-12).
2
Let n = 103 + -51. List the prime factors of n.
2, 13
Let w be (-12)/(-1 - 3) + -3. List the prime factors of (-7 - -47)*(w + 1).
2, 5
Suppose 0 = -2*o - o + 39. List the prime factors of o.
13
Suppose 5*r + 1205 = 4*d, -d + 1470 = 4*d + r. What are the prime factors of d?
5, 59
Let i(m) be the first derivative of -m**4/4 + 8*m**3/3 - 7*m**2/2 + 3*m - 3. Suppose -5*h + 5*a = -45, -h - 5*a + 11 = 2*h. What are the prime factors of i(h)?
3
Suppose 2*p + 8 = -0*p, 4*b - 2*p = 148. Let j = b + -62. Let d = 41 + j. What are the prime factors of d?
2, 7
Let r = 3 + -1. Suppose 4 = -0*p - r*p. What are the prime factors of (-1 + 18/(-4))*p?
11
Let c(s) = 96*s - 22. List the prime factors of c(3).
2, 7, 19
Let y be (-92)/(-12) - 2/(-6). Suppose -3*i - y + 23 = 0. Suppose 3*j - i*u - 45 = -2*j, 0 = 4*j + u - 41. What are the prime factors of j?
2, 5
Let r(y) = -y**2 + y + 7. Let l(s) = -s**2 + 6. Let d(a) = -6*l(a) + 5*r(a). Let x = -5 - 1. What are the prime factors of d(x)?
5
Let r(i) = -2*i + 3. Let w be r(-4). Suppose -w = -2*a - 5. What are the prime factors of a/(-2 + -1)*-8?
2
Let i = 533 - 310. What are the prime factors of i?
223
Let c be (-28)/13 - 6/(-39). List the prime factors of (-7 + 3)*11/c.
2, 11
Suppose 3*x + 9 = 45. Suppose 3*t - x = 3. Suppose -3*j - l + 7 = -0, 9 = 2*j + t*l. What are the prime factors of j?
2
Let c = 5 + -3. Let y = 5 - c. List the prime factors of y.
3
Let a be (1 - 1)/(-3 - -1). Suppose -13 = -i - 5*b, i + a = -b + 5. What are the prime factors of (2/i)/((-4)/(-30))?
5
Let l(s) = s**2 - 3*s + 2. Let x be l(3). Suppose 0 = x*d + d - 72. List the prime factors of d.
2, 3
Let u(m) = 4*m - 4. List the prime factors of u(12).
2, 11
Let c be 10/(1/((-5)/(-2))). Let i be -9 + 8 + 1*3. Suppose 7*r - c = i*r. List the prime factors of r.
5
Let j(v) = v**3 + 5*v**2 + 5*v + 2. Let x be j(-3). What are the prime factors of -2 + x - (-8 - 7)?
2, 3
Let g(c) = 0*c**2 + 4 + 26*c**3 - 25*c**3 + c**2. What are the prime factors of g(0)?
2
Suppose -1407 = -5*m - 562. What are the prime factors of m?
13
Suppose 3*r + 12 = -5*o, -4*o - 4*r - 4 = -3*r. Suppose -s = -4*w - 0 - 1, o = 4*w - 4. Suppose -5*y = -s - 5. What are the prime factors of y?
2
Suppose r + 2 = 3. Suppose d + r = -4. Let x = d + 17. List the prime factors of x.
2, 3
Let w(j) = j**2 + 6*j - 1. Let p = -3 - 0. Let t be w(p). Let k = -2 - t. List the prime factors of k.
2
Let u = 13 + -9. Let i = u + -3. What are the prime factors of (-3)/i + (1 - -4)?
2
Let h = 1 - -1. Suppose -b = 3 - h. What are the prime factors of b + -1*(-1 + -12)?
2, 3
Suppose d - 6 = -d. Suppose -s - 2 = -r, -r + 5 = -d*r + 5*s. Suppose 0 = r*y + 15 - 75. List the prime factors of y.
2, 3
Let u = 1 - 8. Let s(a) = -6*a - 2. Let j be s(u). Suppose 4*k = -0*k + j. List the prime factors of k.
2, 5
List the prime factors of 696/5 + 12/15.
2, 5, 7
Suppose 4 = 3*s - 2. Suppose 6 = s*t - 0*t. Let v(j) = j**3 - 2*j**2 - 2*j + 4. List the prime factors of v(t).
7
Let a be 6/(-2 - -5)*2. Let k(i) = a*i - 10 + 3*i**2 - i - 2*i**2 + 2. List the prime factors of k(-6).
2, 5
List the prime factors of (-2)/9 - 4774/(-99).
2, 3
Let p(q) = -q - 2*q + 8 + 2*q. List the prime factors of p(0).
2
Suppose 3*i + 4*d + 14 = 0, -5*i + d + 12 = -3. What are the prime factors of ((-19)/i)/((-2)/4)?
19
Suppose 5*v = -0*v + 250. List the prime factors of v.
2, 5
Let r be (-1)/4 + 42/8. Suppose 12 = 4*y + r*d, 3*d = -d. Suppose 31 = y*v + 1. List the prime factors of v.
2, 5
Let t(y) = 2*y**2. Let w be t(-1). Suppose -w*l + 136 - 38 = 0. Suppose -a - 4*s + 20 = 0, 5*a - l = s + 9. What are the prime factors of a?
2, 3
Let j = -49 + 121. What are the prime factors of j?
2, 3
Let h(r) = -r**3 - r**2 + 2. Let t be h(0). Suppose 3*u = 4*j - 5*j + 10, -5*j + t*u + 33 = 0. Suppose 1 - j = -3*n. What are the prime factors of n?
2
Let g = 9 + 8. What are the prime factors of g?
17
Let x(f) = -f**2 + 11*f - 5. What are the prime factors of x(9)?
13
Let z = 3 - -78. List the prime factors of z.
3
Let b be (-8)/(-3) + 6/(-9). Suppose -40 = -3*n - 2*q, -n + q + 13 = b*q. What are the prime factors of n?
2, 7
Suppose 4*g + 14 = h - 10, 2*h = -5*g - 30. Let k = -4 - g. Suppose 36 = j + 3*j - k*u, j - 2*u = 12. List the prime factors of j.
2
Let i = 4 - 1. Let q(r) = -i*r**2 - r**2 + 3*r**2 + 3 - 7*r. List the prime factors of q(-6).
3
Let y(l) = 39*l**3 + 3*l**2 - 3*l + 1. What are the prime factors of y(1)?
2, 5
Let h be ((-4 - -2) + 2)*(-6)/(-12). Let j(f) = 5 - 2*f - 3*f**3 + 3*f + 4*f**3. What are the prime factors of j(h)?
5
Suppose 17 = 3*j - 1. Let h = 10 - j. Suppose -i = -5*d + 33, 0*i + h*i = 2*d - 24. What are the prime factors of d?
2, 3
Suppose o + 8 = 3*o. Let h = 1 + o. Suppose 0*p = -p + h. List the prime factors of p.
5
Let d be (-6)/(-8)*(24 + 0). Suppose 4*b + 3*y = -y + 8, 3*b - 16 = -5*y. What are the prime factors of b*(-2)/12*d?
3
Suppose 0*i - 4*i + 63 = -3*g, 0 = 5*i - g - 65. What are the prime factors of 2*i + (-5 - -3)?
2, 11
Suppose 4*u - 5*v - 29 = 3*u, 3*u + v = 7. Suppose -u*o = -23 - 1. Suppose -o*f + f = -50. List the prime factors of f.
2, 5
Let h(r) = -2*r - 4. Let k be h(-3). List the prime factors of (-10)/(-4)*k - -1.
2, 3
Let g be -1*20/4 + 3. Let m(c) = 7*c - 4. Let i be m(-3). List the prime factors of (i + -1)*g/4.
13
Let t(r) = 4*r**2 - 3*r - 13. What are the prime factors of t(-5)?
2, 3, 17
Suppose 4*v = 119 - 47. Let u = v - 1. List the prime factors of u.
17
Let j(k) = k**2 + 10*k + 12. Let q be j(-8). What are the prime factors of (-25)/q - 12/(-16)?
7
Suppose 3*a + 54 = -5*l + 6, a + 3*l + 20 = 0. Let w = 1 + a. What are the prime factors of (-86)/w + 4/10?
3
Suppose -m - 3*w + 13 = 0, w + 0*w = -3. What are the prime factors of m?
2, 11
Suppose -3*g + 2*g - 1 = 0. Let r be (-4)/6*42/(-4). Let b = r - g. What are the prime factors of b?
2
List the prime factors of (-10)/(-40) + 46/8.
2, 3
What are the prime factors of (9/3 + 16)/1?
19
Let n = -15 + 23. List the prime factors of n.
2
Let r = -12 + 17. Suppose r*p - 4*l - 84 = -20, 2*p - 4*l = 28. List the prime factors of p.
2, 3
Let h be (15/(-3) + 0)*1. What are the prime factors of h/((-10)/(-6)) + 14?
11
Suppose -5*w = -8*w + 174. What are the prime factors of w?
2, 29
Let w = -10 - -13. Suppose -4 = w*z - 13. What are the prime factors of z?
3
Let c(u) = -4*u + 10. Let y(x) = -x + 1. Let q(r) = c(r) - 3*y(r). What are the prime factors of q(3)?
2
Let y(a) = -a**2 + a + 11. Let t be y(0). Let j = t + -7. Suppose 0 = j*f + 50 - 122. List the prime factors of f.
2, 3
Let x(o) = -o**3 + 11*o**2 - o + 3. List the prime factors of x(10).
3, 31
List the prime factors of (-456)/(-36)*3/2.
19
Suppose 0 = -7*v + 9*v - 212. List the prime factors of v.
2, 53
What are the prime facto